ond derivative of -b**3/3 + b**2/2 + b. Let x be 14/(-3)*6/(-7). Calculate f(x).
-7
Suppose 4*j + 3 = 7. Let u be 1/(-1) + j - -4. Suppose 2 + 2 = -u*y. Let q(d) = -8*d**2. Determine q(y).
-8
Let t(h) be the third derivative of h**8/3360 - h**6/720 + h**4/6 - 3*h**2. Let a(g) be the second derivative of t(g). What is a(-2)?
-14
Let n(m) = m + 4. Let z be 4/22 - (-265)/55. Give n(z).
9
Let z(h) be the third derivative of -h**6/360 + h**5/15 - h**3 - 2*h**2. Let x(u) be the first derivative of z(u). Give x(6).
12
Let h(r) be the second derivative of -r**5/20 - r**4/2 + 4*r**2 + 3*r. What is h(-6)?
8
Let k be (-72)/(-27)*(-3)/(-2). Let s(z) = -4 - z**3 + 4*z**2 - 5 - 2*z + 7. Give s(k).
-10
Suppose -4*j + 23 = -0*j - 3*d, -d = -4*j + 13. Let u(n) = 3*n**2 - 2. Calculate u(j).
10
Let w(d) be the first derivative of d**2/2 - 2*d - 4. Suppose 3 = a + 2. Let v = a - 1. What is w(v)?
-2
Let f(u) be the second derivative of -u**5/20 + u**4/6 + u**3/6 + u**2/2 + 21*u. Give f(3).
-5
Let n(d) = -d**3 - d**2. Let k = 6 - 5. Let u(h) = h - 6. Let p be u(7). Let q be k*p/1 + -1. Determine n(q).
0
Let o(i) = 2*i + 10. Let c be o(-6). Let y(q) = -q - 3. Give y(c).
-1
Let f(p) be the second derivative of p**6/360 + p**5/120 + p**4/6 - p**3/2 - p. Let w(c) be the second derivative of f(c). What is w(-3)?
10
Suppose 5*h - 4 = 16. Let t(d) = h + d - 5 - 10*d - 7*d**3 + d**2. Let r(w) = 4*w**3 + 5*w. Let v(j) = 5*r(j) + 3*t(j). Give v(3).
-9
Let c(y) = 5*y**2 + y. Let v(m) = 3*m - 1 + m + 3 + 3*m**2 - 2*m**2. Let z be v(-3). Give c(z).
4
Suppose 2*a - 4 = -3*b - 0*a, 4*b = a - 13. Let w(c) = c + 1. Determine w(b).
-1
Let q(f) = -5*f**2 - 6*f + 1. Suppose 0 = -4*h - 2*u - 2, 0 = -u + 3. Let j(l) = l**2 + l. Let z(w) = h*q(w) - 11*j(w). Calculate z(3).
-8
Let z = -11 + 15. Let o(r) be the second derivative of -r**5/20 + r**4/4 + 5*r**3/6 + r**2/2 - 2*r. Give o(z).
5
Let z(d) be the third derivative of d**4/24 - 2*d**2. Suppose 0 = -3*g - 0 + 3, -5*f + g = -124. Suppose 0*b - 5*b = -f. Determine z(b).
5
Let z(r) = -2*r + 1. Suppose 14 = 2*p - 0. Suppose -5*l - p = -m, -4*l - 10 = 4*m - 5*l. Calculate z(m).
7
Let i(j) = j**3 + 6*j**2 + 5*j + 7. Let d = 3 - 8. Give i(d).
7
Let s(u) be the first derivative of -u**3/3 + 5*u**2 - 7*u - 19. Give s(7).
14
Let y(p) be the third derivative of -p**5/60 + p**4/3 + 2*p**3/3 - 5*p**2. Let u(t) = t. Let k(o) = -3*u(o) + y(o). Give k(6).
-2
Let o = 13 + -9. Let l = o - 3. Let z(c) = c**2 + 3*c. Let x(p) = -3*p**2 - 7*p. Let f(d) = -2*x(d) - 5*z(d). Calculate f(l).
0
Let m(x) = 2*x**3 + 3*x**2 - 5*x. Let d(p) = -3*p**3 - 6*p**2 + 9*p + 1. Let w(v) = 3*d(v) + 5*m(v). Suppose -5*o - 5*q + 13 = -4*o, -o = 2*q - 7. What is w(o)?
9
Suppose -q = q + 2*b - 12, -12 = 4*q - 5*b. Let n = q + 3. Let t(i) = -5 - 5*i + 0*i**3 - 2*i**3 - 4*i**2 + 3*i**3. Give t(n).
-5
Let d(n) = 2*n. Let m be d(1). Suppose 4*l + 20 = 0, 0 = 4*t - 2*l - 8 - 6. Let s(w) = 0*w + t + 1 + m*w. What is s(-4)?
-6
Let p(v) be the first derivative of v - v**2 - 5/3*v**3 - 1/4*v**4 + 1. Suppose -2*l + 19 = 23. Calculate p(l).
-7
Let s(y) = -y + 7 - y**3 + 3*y + 2*y + 0*y**3 + 5*y**2. Give s(6).
-5
Let l(a) = a. Suppose -2*h + 2*x = -3*x - 57, 4*x = 4*h - 96. Suppose 1 = 2*c + h. Let s be (-2)/c + (-2)/10. What is l(s)?
0
Let k be 2/6 + 7/(-21) + 1. Let m(w) = 4*w. Determine m(k).
4
Let x(w) = -5*w**3 - 4*w**2 + 7*w + 4. Let c(j) = 14*j**3 + 12*j**2 - 20*j - 12. Let m(q) = -6*c(q) - 17*x(q). Determine m(3).
-2
Let x(n) = -n**3 - 4*n**2 - 5. Let m be 54/(-13) - ((-108)/26 - -4). What is x(m)?
-5
Let q(m) = -m**2 + 4*m. Suppose 16 = 10*f - 6*f. What is q(f)?
0
Let x(i) = i**3 + 3*i**2 + 2*i + 3. Suppose -2*d = -1 - 23. Suppose l = 5*l + d. What is x(l)?
-3
Let o(r) be the second derivative of -r**8/6720 + r**5/120 - r**4/6 - r. Let c(g) be the third derivative of o(g). Determine c(1).
0
Suppose -2*p = 5*r - 612, -5*r = -0*r + 3*p - 608. Let o(w) = -r + 124 - 4*w. Give o(2).
-8
Let t(x) = 2*x**2 + 3. Let s(v) = v**2 - v + 3. Let o(m) = 3*s(m) - 2*t(m). Calculate o(-5).
-7
Suppose 2*h + 8 = h. Let c = -6 - h. Let u(g) = -g - 5*g + c - g**2 + 0*g + 8*g. Give u(3).
-1
Suppose -9*m + 3 = -51. Let l(y) = -y + 6. Give l(m).
0
Let i be (-8)/(-2) - 2 - -3. Suppose -3*n - 7 = i. Let z(h) be the first derivative of -h**4/4 - h**3 + 5*h**2/2 - 2*h + 16. What is z(n)?
-6
Let i be 14/(-6) - 1/(-3). Let f(a) = a**3 + a + 1. Determine f(i).
-9
Let z(c) = 2*c + 2. Suppose -f - 4*f + 200 = 0. Let t be ((-12)/10)/(12/f). Let v be (-1 + 2/4)*t. Give z(v).
6
Let c(v) be the first derivative of -v**3/3 + 3*v**2 - 6*v + 6. Suppose 18 = q + 2*q - 5*z, 0 = -3*z. Determine c(q).
-6
Let l(u) be the third derivative of -u**6/120 + u**5/12 - 5*u**4/24 + u**3/3 - u**2. Suppose 5*t + 12 = -k, 2*k - 3*t = -0 + 15. Let q = k + 1. Give l(q).
-2
Let q(h) be the second derivative of -h**5/20 + h**4/3 + h**3/3 - h**2 + 25*h. Determine q(3).
13
Let x = -5 - -4. Let l be ((x - -2) + 0)*1. Let j(g) = 11*g**2 - 2*g + 2*g - 2*g + 1. Give j(l).
10
Suppose i - 10 = -4*j, 3*i - j = -3*j + 10. Let o(y) = y**2 + y - 2. Let k be o(-3). Let h(m) = m**i - 5*m + 11*m + 2 + k. Calculate h(-6).
6
Let y be -6 + (-1)/(3 - (5 - 1)). Let j(a) be the third derivative of a**5/60 + a**4/6 + 2*a**3/3 + a**2. What is j(y)?
9
Let c(a) = -3*a + 2. Let i(q) = 6*q + 9. Let z(f) = -5*f - 9. Let y(h) = 6*i(h) + 7*z(h). Let w be y(7). Determine c(w).
8
Let z(m) = -3*m**3 - m - 1. Let h be z(-1). Let u(b) = -2*b**3 + 3*b**3 - 3*b + 5 - 3*b**2 - 4. Calculate u(h).
-8
Suppose 0 = -13*u - 14 + 79. Let v(g) = 4*g + 4. Determine v(u).
24
Suppose -3*t + 0*t - 18 = 0. Let q(y) = -6*y - 49*y**2 + 48*y**2 - 5 + 2. Determine q(t).
-3
Let y(z) = -z**3 + 7*z**2 - 6*z + 5. Let p(b) = -b**3 + 9*b**2 - 8*b + 5. Let s be p(8). Suppose -4*i + 47 = s*o - 3, 4*i = -3*o + 38. Calculate y(o).
5
Let l(z) = -4*z - 1. Let y(m) = -m - 5. Let t be y(-7). What is l(t)?
-9
Let s(a) = 2*a + 12. Let i be s(-10). Let l(y) = y + 10. What is l(i)?
2
Let y(u) = -3*u**3 - 24*u**2 - 14*u - 6. Let t(a) = 2*a**3 + 16*a**2 + 9*a + 4. Let n(q) = -7*t(q) - 5*y(q). Calculate n(-7).
2
Let a(y) = y**3 - y**2 - 1. Let q be a(0). Let c(v) = -7*v**2 - 6*v + 5. Let u(f) = 5*f**2 + 4*f - 3. Let p(w) = -5*c(w) - 8*u(w). Calculate p(q).
-4
Let p(b) = b**2 + 4*b - 8. Let r(n) = -n**3 + 10*n**2 + 11*n + 4. Let i be r(11). Suppose 0 = i*u - 0*u + 24. What is p(u)?
4
Let l(x) = 0*x + 5 - 4*x - 3. Determine l(3).
-10
Let n = 1 - -2. Let k(j) = j - 2 - n*j + 0. What is k(2)?
-6
Let k(g) = g - 9. Let u be (0/5)/((-6)/2). Calculate k(u).
-9
Let h(p) be the third derivative of p**6/120 + p**5/60 + p**4/24 - 2*p**3/3 + 16*p**2. Give h(0).
-4
Let j(x) = -x**3 + 5*x**2 + x - 3. Suppose -4*a + 8 + 0 = 0. Let l(p) = 4*p**2 + 3 + a*p + 0*p - 4. Let v be l(1). Give j(v).
2
Let g(i) be the third derivative of i**5/60 - i**4/12 - 2*i**3/3 + 10*i**2. Let v be g(3). Let t(n) be the second derivative of -5*n**3/6 - n. What is t(v)?
5
Let w(j) = -j**2 - 7*j - 8. Let c be w(-6). Let b = 6 + c. Let r(l) = 2*l - 2. Calculate r(b).
6
Let r be (2/(-4))/(2/4). Let f(g) = -7*g**2 + 3. Let a(u) = -1. Let s(j) = r*f(j) - 2*a(j). Suppose 5 = 8*o - 3*o. Give s(o).
6
Let z(p) = 4*p - 3*p - 1 + 10. Let x(q) be the second derivative of q**4/12 + 2*q**3/3 - q**2/2 - q. Let w be x(-3). Give z(w).
5
Let t(s) be the second derivative of -s**5/20 - s**4/12 + s**2 - 2*s. Let f be t(0). Suppose -f*j - 3 = -3*j. Let d(r) = r**3 - 3*r**2 + 2*r - 3. What is d(j)?
3
Suppose -2*x = -2*y, 6*x - 2*x = 5*y. Let p(t) = -5 + t**3 + 9 + 6 + y*t**3 + t. Suppose r = l + 4*l, 4*l = -2*r. What is p(l)?
10
Let p(a) be the second derivative of a**3/2 + 3*a. What is p(-2)?
-6
Let u(n) = -n - 6*n**3 + 5*n**3 - 3 + 0*n**3 + 4*n**2 + 0*n. Give u(4).
-7
Let z be 0 + (-3 + -3 - 1). Let s(f) be the third derivative of -f**6/120 - 2*f**5/15 - f**4/4 + 4*f**3/3 - 4*f**2. What is s(z)?
1
Let p(v) be the second derivative of -v**3/6 + 5*v**2 + 16*v. What is p(5)?
5
Let g(o) be the third derivative of o**8/6720 + o**7/2520 - o**6/720 - o**5/10 - 7*o**2. Let w(u) be the third derivative of g(u). Give w(1).
4
Let t(v) = v**3 - 6*v**2 - v - 2. Let a = 206 + -200. Calculate t(a).
-8
Let j(r) = r + 1. Let q(b) = 4*b + 6. Let l(k) = -5*j(k) + q(k). Give l(2).
-1
Let 